{"id":88535,"date":"2025-12-01T10:27:32","date_gmt":"2025-12-01T09:27:32","guid":{"rendered":"https:\/\/adr-cablepark.fr\/?post_type=product&#038;p=88535"},"modified":"2026-04-03T08:54:04","modified_gmt":"2026-04-03T07:54:04","slug":"carte-20h","status":"publish","type":"product","link":"https:\/\/adr-cablepark.fr\/?product=carte-20h","title":{"rendered":"Carte 20h"},"content":{"rendered":"<p>Carte 20x1h<br \/>\nSans date limite de validit\u00e9 !<br \/>\n1h de la carte + 8\u20ac = Forfait Journ\u00e9e !!<\/p>\n<p>Option mat\u00e9riel (30\u20ac) en vente sur place. <\/p>\n<p>Carte cr\u00e9dit\u00e9e sur le compte WAKESYS. Bracelet d&rsquo;acc\u00e8s 5\u20ac (en vente sur place)<\/p>\n","protected":false},"excerpt":{"rendered":"<p>Carte 20x1h Sans date limite de validit\u00e9 ! 1h de la carte + 8\u20ac = Forfait Journ\u00e9e !! Option mat\u00e9riel [&hellip;]<\/p>\n","protected":false},"featured_media":88087,"template":"","meta":{"spay_email":""},"product_cat":[188],"product_tag":[],"class_list":{"0":"post-88535","1":"product","2":"type-product","3":"status-publish","4":"has-post-thumbnail","6":"product_cat-forfaits","8":"first","9":"instock","10":"taxable","11":"shipping-taxable","12":"purchasable","13":"product-type-simple"},"yoast_head":"<!-- This site is optimized with the Yoast SEO plugin v16.3 - https:\/\/yoast.com\/wordpress\/plugins\/seo\/ -->\n<title>Carte 20h - Advance Ride<\/title>\n<meta name=\"robots\" content=\"index, follow, max-snippet:-1, max-image-preview:large, max-video-preview:-1\" \/>\n<link rel=\"canonical\" href=\"https:\/\/adr-cablepark.fr\/?product=carte-20h\" \/>\n<meta property=\"og:locale\" content=\"fr_FR\" \/>\n<meta property=\"og:type\" content=\"article\" \/>\n<meta property=\"og:title\" content=\"Carte 20h - Advance Ride\" \/>\n<meta property=\"og:description\" content=\"Carte 20x1h Sans date limite de validit\u00e9 ! 1h de la carte + 8\u20ac = Forfait Journ\u00e9e !! Option mat\u00e9riel [&hellip;]\" \/>\n<meta property=\"og:url\" content=\"https:\/\/adr-cablepark.fr\/?product=carte-20h\" \/>\n<meta property=\"og:site_name\" content=\"Advance Ride\" \/>\n<meta property=\"article:modified_time\" content=\"2026-04-03T07:54:04+00:00\" \/>\n<meta property=\"og:image\" content=\"https:\/\/adr-cablepark.fr\/wp-content\/uploads\/Capture-decran-2024-11-28-a-13.11.23.png\" \/>\n\t<meta property=\"og:image:width\" content=\"964\" \/>\n\t<meta property=\"og:image:height\" content=\"948\" \/>\n<meta name=\"twitter:card\" content=\"summary_large_image\" \/>\n<script type=\"application\/ld+json\" class=\"yoast-schema-graph\">{\"@context\":\"https:\/\/schema.org\",\"@graph\":[{\"@type\":\"WebSite\",\"@id\":\"https:\/\/adr-cablepark.fr\/#website\",\"url\":\"https:\/\/adr-cablepark.fr\/\",\"name\":\"Advance Ride\",\"description\":\"Wakepark\",\"potentialAction\":[{\"@type\":\"SearchAction\",\"target\":\"https:\/\/adr-cablepark.fr\/?s={search_term_string}\",\"query-input\":\"required name=search_term_string\"}],\"inLanguage\":\"fr-FR\"},{\"@type\":\"ImageObject\",\"@id\":\"https:\/\/adr-cablepark.fr\/?product=carte-20h#primaryimage\",\"inLanguage\":\"fr-FR\",\"url\":\"https:\/\/adr-cablepark.fr\/wp-content\/uploads\/Capture-decran-2024-11-28-a-13.11.23.png\",\"contentUrl\":\"https:\/\/adr-cablepark.fr\/wp-content\/uploads\/Capture-decran-2024-11-28-a-13.11.23.png\",\"width\":964,\"height\":948},{\"@type\":\"WebPage\",\"@id\":\"https:\/\/adr-cablepark.fr\/?product=carte-20h#webpage\",\"url\":\"https:\/\/adr-cablepark.fr\/?product=carte-20h\",\"name\":\"Carte 20h - Advance Ride\",\"isPartOf\":{\"@id\":\"https:\/\/adr-cablepark.fr\/#website\"},\"primaryImageOfPage\":{\"@id\":\"https:\/\/adr-cablepark.fr\/?product=carte-20h#primaryimage\"},\"datePublished\":\"2025-12-01T09:27:32+00:00\",\"dateModified\":\"2026-04-03T07:54:04+00:00\",\"breadcrumb\":{\"@id\":\"https:\/\/adr-cablepark.fr\/?product=carte-20h#breadcrumb\"},\"inLanguage\":\"fr-FR\",\"potentialAction\":[{\"@type\":\"ReadAction\",\"target\":[\"https:\/\/adr-cablepark.fr\/?product=carte-20h\"]}]},{\"@type\":\"BreadcrumbList\",\"@id\":\"https:\/\/adr-cablepark.fr\/?product=carte-20h#breadcrumb\",\"itemListElement\":[{\"@type\":\"ListItem\",\"position\":1,\"item\":{\"@type\":\"WebPage\",\"@id\":\"https:\/\/adr-cablepark.fr\/\",\"url\":\"https:\/\/adr-cablepark.fr\/\",\"name\":\"Accueil\"}},{\"@type\":\"ListItem\",\"position\":2,\"item\":{\"@type\":\"WebPage\",\"@id\":\"https:\/\/adr-cablepark.fr\/?page_id=2271\",\"url\":\"https:\/\/adr-cablepark.fr\/?page_id=2271\",\"name\":\"Boutique\"}},{\"@type\":\"ListItem\",\"position\":3,\"item\":{\"@id\":\"https:\/\/adr-cablepark.fr\/?product=carte-20h#webpage\"}}]}]}<\/script>\n<!-- \/ Yoast SEO plugin. -->","_links":{"self":[{"href":"https:\/\/adr-cablepark.fr\/index.php?rest_route=\/wp\/v2\/product\/88535","targetHints":{"allow":["GET"]}}],"collection":[{"href":"https:\/\/adr-cablepark.fr\/index.php?rest_route=\/wp\/v2\/product"}],"about":[{"href":"https:\/\/adr-cablepark.fr\/index.php?rest_route=\/wp\/v2\/types\/product"}],"wp:featuredmedia":[{"embeddable":true,"href":"https:\/\/adr-cablepark.fr\/index.php?rest_route=\/wp\/v2\/media\/88087"}],"wp:attachment":[{"href":"https:\/\/adr-cablepark.fr\/index.php?rest_route=%2Fwp%2Fv2%2Fmedia&parent=88535"}],"wp:term":[{"taxonomy":"product_cat","embeddable":true,"href":"https:\/\/adr-cablepark.fr\/index.php?rest_route=%2Fwp%2Fv2%2Fproduct_cat&post=88535"},{"taxonomy":"product_tag","embeddable":true,"href":"https:\/\/adr-cablepark.fr\/index.php?rest_route=%2Fwp%2Fv2%2Fproduct_tag&post=88535"}],"curies":[{"name":"wp","href":"https:\/\/api.w.org\/{rel}","templated":true}]}}